{"id":4211,"date":"2022-04-08T10:55:13","date_gmt":"2022-04-08T10:55:13","guid":{"rendered":"https:\/\/rezepte-glutenfrei.de\/shop\/?post_type=product&#038;p=4211"},"modified":"2026-04-14T05:53:51","modified_gmt":"2026-04-14T05:53:51","slug":"glutenfreie-backmischung-broetchen-brezen-250g-tanjas-glutenfrei","status":"publish","type":"product","link":"https:\/\/rezepte-glutenfrei.de\/shop\/product\/glutenfreie-backmischung-broetchen-brezen-250g-tanjas-glutenfrei\/","title":{"rendered":"Glutenfreie Backmischung BR\u00d6TCHEN &#038; BREZEN 250g &#8211; Tanjas glutenfrei"},"content":{"rendered":"<div class=\"os_detail_descmain\">\n<h3><strong>Meine liebste Mischung &#8211; BR\u00d6TCHEN &amp; BREZEN von <em>Tanjas glutenfrei<\/em> 250g, glutenfrei &amp; vegan<\/strong><\/h3>\n<div class=\"os_detail_descmain\">\n<p>Wer Appetit auf leckere glutenfreie Br\u00f6tchen hat, liegt bei dieser Mischung genau richtig! Die Br\u00f6tchen stehen im Nu backfrisch auf dem Tisch! Nicht nur Br\u00f6tchen, auch Brezen und andere Laugenbackwaren lassen sich im Handumdrehen aus der Mischung zaubern.\u00a0 Neben dem feinen Geschmack ist der besondere Clou der Mischung, die Teiglinge ben\u00f6tigen KEINE Aufgehzeit und der Teig kann direkt nach der Knetzeit geformt und in den Backofen geschoben werden! Schneller und unkomplizierter lassen sich frisch gebackene Br\u00f6tchen und Brezen wohl kaum herstellen. Die hefefreie Zubereitung gelingt \u00fcbrigens bestens und <a href=\"https:\/\/www.rezepte-glutenfrei.de\/tanjas-broetchen-ohne-hefe\/\" target=\"_blank\" rel=\"noopener\">HIER<\/a> ist das Rezept notiert.<\/p>\n<p>Die Backmischung selbst ist frei von Mais, glutenfreier Weizenst\u00e4rke, glutenfreiem Hafer, Soja und Lupine &#8211; zudem frei von Milchbestandteilen und vegan. Reisvollkornmehl, Flohsamenschalenpulver und Xanthan bringen gesunde Ballaststoffe in die Mischung und auf Salz und Zucker wurde bewusst verzichtet! So ist der Einsatz von Salz und Zucker jedem selbst \u00fcberlassen und kann bestens dem individuellen Geschmack und der Vertr\u00e4glichkeit angepasst werden.<\/p>\n<p><strong>Zutaten der Backmischung<\/strong>: Kartoffelst\u00e4rke, Reismehl, Goldhirsemehl, Tapiokast\u00e4rke, Reisvollkornmehl, Reissauerteig, Verdickungsmittel: Xanthan, Flohsamenschalenpulver.<\/p>\n<p><strong>Allergene &#8211; auf die inneren Werte kommt es an!<\/strong><br \/>\nLange t\u00fcftelte ich f\u00fcr die perfekte Mischung, die ohne Mais, glutenfreie Weizenst\u00e4rke und glutenfreien Hafer, Soja und Lupine auskommen sollte. Zudem soll die Mischung keine nicht deklarationspflichtigen Bestandteile wie z.B. Enzyme oder Aromen enthalten. Mit dieser Mischung wurden die Anforderungen erf\u00fcllt und es lassen sich k\u00f6stliche Backwaren zubereiten.<\/p>\n<p>Die Zubereitung der Br\u00f6tchen ist auf der Verpackungsr\u00fcckseite notiert. Alle weiteren Rezepte zur Backmischungen, auch f\u00fcr Brezen und andere Laugenbackwaren, sehen Sie <a href=\"https:\/\/www.rezepte-glutenfrei.de\/category\/rezepte-backmischung-broetchen-brezen\/\" target=\"_blank\" rel=\"noopener\">HIER<\/a>.<\/p>\n<\/div>\n<div class=\"os_detail_lmiv\">\n<p><b>F\u00fcr weitere Angaben gem. der\u00a0<a href=\"https:\/\/www.lebensmittelverband.de\/de\/lebensmittel\/kennzeichnung\/lebensmittelinformationsverordnung\" target=\"_blank\" rel=\"noopener\">Lebensmittel-Informationsverordnung (LMIV)<\/a> klicken Sie bitte auf die Bilder:<\/b><\/p>\n<p><a href=\"https:\/\/rezepte-glutenfrei.de\/shop\/wp-content\/uploads\/2022\/04\/Broetchen-1-1.jpg\"><img loading=\"lazy\" decoding=\"async\" class=\"alignnone wp-image-4332 size-medium\" src=\"https:\/\/rezepte-glutenfrei.de\/shop\/wp-content\/uploads\/2022\/04\/Broetchen-1-1-64x272.jpg\" alt=\"\" width=\"64\" height=\"272\" \/><\/a>\u00a0 \u00a0 \u00a0 <a href=\"https:\/\/rezepte-glutenfrei.de\/shop\/wp-content\/uploads\/2022\/04\/Broetchen-2.jpg\"><img loading=\"lazy\" decoding=\"async\" class=\"alignnone wp-image-4333 size-medium\" src=\"https:\/\/rezepte-glutenfrei.de\/shop\/wp-content\/uploads\/2022\/04\/Broetchen-2-137x272.jpg\" alt=\"\" width=\"137\" height=\"272\" \/><\/a><\/p>\n<div class=\"shorttext\"><i>Verantwortlicher Lebensmittelunternehmer:<\/i> Tanja Gruber, Am Weinberg 7, 91567 Herrieden.<\/div>\n<\/div>\n<p>Information zur Produktlagerung: Bitte k\u00fchl und trocken lagern.<\/p>\n<\/div>\n","protected":false},"excerpt":{"rendered":"<p>Meine liebste Mischung &#8211; BR\u00d6TCHEN &amp; BREZEN von Tanjas glutenfrei 250g, glutenfrei &amp; vegan Wer Appetit auf leckere glutenfreie Br\u00f6tchen hat, liegt bei dieser Mischung genau richtig! Die Br\u00f6tchen stehen im Nu backfrisch auf dem Tisch! Nicht nur Br\u00f6tchen, auch Brezen und andere Laugenbackwaren lassen sich im Handumdrehen aus der Mischung zaubern.\u00a0 Neben dem feinen &hellip; <a href=\"https:\/\/rezepte-glutenfrei.de\/shop\/product\/glutenfreie-backmischung-broetchen-brezen-250g-tanjas-glutenfrei\/\" class=\"more-link\">Continue reading <span class=\"screen-reader-text\">Glutenfreie Backmischung BR\u00d6TCHEN &#038; BREZEN 250g &#8211; Tanjas glutenfrei<\/span><\/a><\/p>\n","protected":false},"featured_media":4237,"comment_status":"open","ping_status":"closed","template":"","meta":{"_acf_changed":false},"product_brand":[],"product_cat":[119],"product_tag":[],"class_list":{"0":"post-4211","1":"product","2":"type-product","3":"status-publish","4":"has-post-thumbnail","6":"product_cat-backmischungen","8":"first","9":"instock","10":"taxable","11":"shipping-taxable","12":"purchasable","13":"product-type-simple"},"acf":[],"_links":{"self":[{"href":"https:\/\/rezepte-glutenfrei.de\/shop\/wp-json\/wp\/v2\/product\/4211","targetHints":{"allow":["GET"]}}],"collection":[{"href":"https:\/\/rezepte-glutenfrei.de\/shop\/wp-json\/wp\/v2\/product"}],"about":[{"href":"https:\/\/rezepte-glutenfrei.de\/shop\/wp-json\/wp\/v2\/types\/product"}],"replies":[{"embeddable":true,"href":"https:\/\/rezepte-glutenfrei.de\/shop\/wp-json\/wp\/v2\/comments?post=4211"}],"wp:featuredmedia":[{"embeddable":true,"href":"https:\/\/rezepte-glutenfrei.de\/shop\/wp-json\/wp\/v2\/media\/4237"}],"wp:attachment":[{"href":"https:\/\/rezepte-glutenfrei.de\/shop\/wp-json\/wp\/v2\/media?parent=4211"}],"wp:term":[{"taxonomy":"product_brand","embeddable":true,"href":"https:\/\/rezepte-glutenfrei.de\/shop\/wp-json\/wp\/v2\/product_brand?post=4211"},{"taxonomy":"product_cat","embeddable":true,"href":"https:\/\/rezepte-glutenfrei.de\/shop\/wp-json\/wp\/v2\/product_cat?post=4211"},{"taxonomy":"product_tag","embeddable":true,"href":"https:\/\/rezepte-glutenfrei.de\/shop\/wp-json\/wp\/v2\/product_tag?post=4211"}],"curies":[{"name":"wp","href":"https:\/\/api.w.org\/{rel}","templated":true}]}}