{"id":3695,"date":"2021-05-06T10:17:29","date_gmt":"2021-05-06T10:17:29","guid":{"rendered":"https:\/\/rezepte-glutenfrei.de\/shop\/?post_type=product&#038;p=3695"},"modified":"2026-04-15T17:17:35","modified_gmt":"2026-04-15T17:17:35","slug":"spaetzlereibe-spatzl","status":"publish","type":"product","link":"https:\/\/rezepte-glutenfrei.de\/shop\/product\/spaetzlereibe-spatzl\/","title":{"rendered":"Sp\u00e4tzlereibe &#8220;Spatzl&#8221;"},"content":{"rendered":"<p>Wer Appetit auf selbstgemachte Sp\u00e4tzle hat, kann sich mit dem Sp\u00e4tzlereibe &#8220;Spatzl&#8221; schnell und einfach k\u00f6stliche, glutenfreie Sp\u00e4tzle herstellen! Mit der Sp\u00e4tzlereibe gelingen die beliebten Teigwaren garantiert und sch\u00f6n gleichm\u00e4\u00dfig. So funktioniert`s: Der Hobel aus robustem Kunststoff verf\u00fcgt \u00fcber Auflagerasten, die einen sicheren Halt auf dem Topf erm\u00f6glichen. Man gibt etwas Teig auf die Reibe und schiebt den Teig mit dem dazugeh\u00f6rigen Schaber nach vorne und hinten. Der Teig &#8220;tropft&#8221; gleichm\u00e4\u00dfig ins hei\u00dfe Wasser und sobald die Sp\u00e4tzle an der Wasseroberfl\u00e4che schwimmen k\u00f6nnen sie mit einem Schauml\u00f6ffel entnommen werden und stehen sogleich zum Verzehr bereit \ud83d\ude42<br \/>\nNach der Reinigung kann der Schabe auf der R\u00fcckseite der Reibe m\u00fchelos eingeklipst werden und so geht er garantiert nicht verloren.<\/p>\n<p><strong>Rezepttipp:<\/strong> Ein geschmackvolles und gelingsicheres Rezept f\u00fcr glutenfreie Kn\u00f6pfle ist HIER notiert.<\/p>\n<p><strong>Im Lieferumfang enthalten:<\/strong> 1 Sp\u00e4tzlereibe \u201cSpatzl\u201d<br \/>\n<strong>Material:<\/strong> Kunststoff<br \/>\n<strong>Sp\u00fclmaschinengeeignet:<\/strong> ja<br \/>\n<strong>Hersteller:<\/strong> Westmark<\/p>\n<p><em>Verantwortlicher Unternehmer: Westmark GmbH, Bielefelder Str. 125, 57368 Lennestadt \u2013 Elspe (Germany)<\/em><\/p>\n","protected":false},"excerpt":{"rendered":"<p>Wer Appetit auf selbstgemachte Sp\u00e4tzle hat, kann sich mit dem Sp\u00e4tzlereibe &#8220;Spatzl&#8221; schnell und einfach k\u00f6stliche, glutenfreie Sp\u00e4tzle herstellen! Mit der Sp\u00e4tzlereibe gelingen die beliebten Teigwaren garantiert und sch\u00f6n gleichm\u00e4\u00dfig. So funktioniert`s: Der Hobel aus robustem Kunststoff verf\u00fcgt \u00fcber Auflagerasten, die einen sicheren Halt auf dem Topf erm\u00f6glichen. Man gibt etwas Teig auf die Reibe &hellip; <a href=\"https:\/\/rezepte-glutenfrei.de\/shop\/product\/spaetzlereibe-spatzl\/\" class=\"more-link\">Continue reading <span class=\"screen-reader-text\">Sp\u00e4tzlereibe &#8220;Spatzl&#8221;<\/span><\/a><\/p>\n","protected":false},"featured_media":3724,"comment_status":"open","ping_status":"closed","template":"","meta":{"_acf_changed":false},"product_brand":[],"product_cat":[94],"product_tag":[],"class_list":{"0":"post-3695","1":"product","2":"type-product","3":"status-publish","4":"has-post-thumbnail","6":"product_cat-spaetzle-knoepfle-co","8":"first","9":"outofstock","10":"taxable","11":"shipping-taxable","12":"purchasable","13":"product-type-simple"},"acf":[],"_links":{"self":[{"href":"https:\/\/rezepte-glutenfrei.de\/shop\/wp-json\/wp\/v2\/product\/3695","targetHints":{"allow":["GET"]}}],"collection":[{"href":"https:\/\/rezepte-glutenfrei.de\/shop\/wp-json\/wp\/v2\/product"}],"about":[{"href":"https:\/\/rezepte-glutenfrei.de\/shop\/wp-json\/wp\/v2\/types\/product"}],"replies":[{"embeddable":true,"href":"https:\/\/rezepte-glutenfrei.de\/shop\/wp-json\/wp\/v2\/comments?post=3695"}],"wp:featuredmedia":[{"embeddable":true,"href":"https:\/\/rezepte-glutenfrei.de\/shop\/wp-json\/wp\/v2\/media\/3724"}],"wp:attachment":[{"href":"https:\/\/rezepte-glutenfrei.de\/shop\/wp-json\/wp\/v2\/media?parent=3695"}],"wp:term":[{"taxonomy":"product_brand","embeddable":true,"href":"https:\/\/rezepte-glutenfrei.de\/shop\/wp-json\/wp\/v2\/product_brand?post=3695"},{"taxonomy":"product_cat","embeddable":true,"href":"https:\/\/rezepte-glutenfrei.de\/shop\/wp-json\/wp\/v2\/product_cat?post=3695"},{"taxonomy":"product_tag","embeddable":true,"href":"https:\/\/rezepte-glutenfrei.de\/shop\/wp-json\/wp\/v2\/product_tag?post=3695"}],"curies":[{"name":"wp","href":"https:\/\/api.w.org\/{rel}","templated":true}]}}