{"id":3642,"date":"2021-04-27T07:32:50","date_gmt":"2021-04-27T07:32:50","guid":{"rendered":"https:\/\/rezepte-glutenfrei.de\/shop\/?page_id=3642"},"modified":"2025-04-11T20:02:06","modified_gmt":"2025-04-11T20:02:06","slug":"versandbedingungen","status":"publish","type":"page","link":"https:\/\/rezepte-glutenfrei.de\/shop\/versandbedingungen\/","title":{"rendered":"Zahlung und Versand"},"content":{"rendered":"<p><strong>Zahlung und Versand<\/strong><\/p>\n<p>Es gelten folgende Bedingungen:<br \/>\nDie Lieferung erfolgt im Inland (Deutschland) und in die nachstehenden L\u00e4nder: \u00d6sterreich, Niederlande, Belgien, D\u00e4nemark, Frankreich,<br \/>\nItalien, Irland, Spanien, Luxemburg, Schweiz.<\/p>\n<p><strong>Versandkosten (inklusive gesetzliche Mehrwertsteuer)<\/strong><\/p>\n<p><strong>Lieferungen im Inland (Deutschland):<\/strong><br \/>\n\u2013 Warenwert bis 24,99 \u20ac = 4,99 \u20ac Versandkosten<br \/>\n\u2013 Warenwert 25,00 \u20ac \u2013 49,98 \u20ac = 3,99 \u20ac Versandkosten<br \/>\n\u2013 Ab einem Warenwert von 49,99 \u20ac liefern wir versandkostenfrei.<\/p>\n<p><strong>Lieferungen ins Ausland:<\/strong><br \/>\nWir berechnen die Versandkosten ins Ausland pauschal wie folgt:<br \/>\n\u00d6sterreich: 10,99 \u20ac<br \/>\nNiederlande: 14,99 \u20ac<br \/>\nBelgien: 14,99 \u20ac<br \/>\nD\u00e4nemark: 14,99 \u20ac<br \/>\nFrankreich: 14,99 \u20ac<br \/>\nItalien: 14,99 \u20ac<br \/>\nIrland: 14,99 \u20ac<br \/>\nSpanien: 14,99 \u20ac<br \/>\nLuxemburg: 14,99 \u20ac<\/p>\n<p><strong>Lieferfristen<\/strong><br \/>\nSoweit im jeweiligen Angebot keine andere Frist angegeben ist, erfolgt die Lieferung der Ware im Inland (Deutschland) innerhalb von 3 &#8211; 5<br \/>\nTagen, bei Auslandslieferungen innerhalb von 8 &#8211; 10 Tagen nach Vertragsschluss (bei vereinbarter Vorauszahlung nach dem Zeitpunkt<br \/>\nIhrer Zahlungsanweisung).<br \/>\nBeachten Sie, dass an Sonn- und Feiertagen keine Zustellung erfolgt.<br \/>\nHaben Sie Artikel mit unterschiedlichen Lieferzeiten bestellt, versenden wir die Ware in einer gemeinsamen Sendung, sofern wir keine<br \/>\nabweichenden Vereinbarungen mit Ihnen getroffen haben. Die Lieferzeit bestimmt sich in diesem Fall nach dem Artikel mit der l\u00e4ngsten<br \/>\nLieferzeit den Sie bestellt haben.<\/p>\n<p><strong>Akzeptierte Zahlungsm\u00f6glichkeiten<\/strong><br \/>\n&#8211; Vorkasse per \u00dcberweisung<\/p>\n<p><strong>\u00dcber PayPal Checkout:<\/strong><br \/>\n&#8211; Zahlung per PayPal<\/p>\n<p>&#8211; Zahlung per Kreditkarte<\/p>\n<p><strong>Unsere Bankverbindung:<\/strong><br \/>\nKontoinhaber: Tanja Gruber<br \/>\nIBAN: DE90 765 500 000 008 352 122<br \/>\nbei: Sparkasse<\/p>\n<p>Bei Fragen finden Sie unsere Kontaktdaten im Impressum<\/p>\n","protected":false},"excerpt":{"rendered":"<p>Zahlung und Versand Es gelten folgende Bedingungen: Die Lieferung erfolgt im Inland (Deutschland) und in die nachstehenden L\u00e4nder: \u00d6sterreich, Niederlande, Belgien, D\u00e4nemark, Frankreich, Italien, Irland, Spanien, Luxemburg, Schweiz. Versandkosten (inklusive gesetzliche Mehrwertsteuer) Lieferungen im Inland (Deutschland): \u2013 Warenwert bis 24,99 \u20ac = 4,99 \u20ac Versandkosten \u2013 Warenwert 25,00 \u20ac \u2013 49,98 \u20ac = 3,99 \u20ac &hellip; <a href=\"https:\/\/rezepte-glutenfrei.de\/shop\/versandbedingungen\/\" class=\"more-link\">Continue reading <span class=\"screen-reader-text\">Zahlung und Versand<\/span><\/a><\/p>\n","protected":false},"author":1,"featured_media":0,"parent":0,"menu_order":0,"comment_status":"closed","ping_status":"closed","template":"","meta":{"_acf_changed":false,"footnotes":""},"class_list":["post-3642","page","type-page","status-publish","hentry"],"acf":[],"_links":{"self":[{"href":"https:\/\/rezepte-glutenfrei.de\/shop\/wp-json\/wp\/v2\/pages\/3642","targetHints":{"allow":["GET"]}}],"collection":[{"href":"https:\/\/rezepte-glutenfrei.de\/shop\/wp-json\/wp\/v2\/pages"}],"about":[{"href":"https:\/\/rezepte-glutenfrei.de\/shop\/wp-json\/wp\/v2\/types\/page"}],"author":[{"embeddable":true,"href":"https:\/\/rezepte-glutenfrei.de\/shop\/wp-json\/wp\/v2\/users\/1"}],"replies":[{"embeddable":true,"href":"https:\/\/rezepte-glutenfrei.de\/shop\/wp-json\/wp\/v2\/comments?post=3642"}],"version-history":[{"count":13,"href":"https:\/\/rezepte-glutenfrei.de\/shop\/wp-json\/wp\/v2\/pages\/3642\/revisions"}],"predecessor-version":[{"id":19709,"href":"https:\/\/rezepte-glutenfrei.de\/shop\/wp-json\/wp\/v2\/pages\/3642\/revisions\/19709"}],"wp:attachment":[{"href":"https:\/\/rezepte-glutenfrei.de\/shop\/wp-json\/wp\/v2\/media?parent=3642"}],"curies":[{"name":"wp","href":"https:\/\/api.w.org\/{rel}","templated":true}]}}